{"id":86288,"date":"2021-05-20T00:14:15","date_gmt":"2021-05-20T03:14:15","guid":{"rendered":"https:\/\/iclos.global\/eng\/?page_id=86288"},"modified":"2021-05-20T00:43:33","modified_gmt":"2021-05-20T03:43:33","slug":"politica-de-privacidad","status":"publish","type":"page","link":"https:\/\/iclos.global\/eng\/politica-de-privacidad\/","title":{"rendered":"Pol\u00edtica de Privacidad"},"content":{"rendered":"<div class=\"wpb-content-wrapper\"><p>[vc_row unlock_row_content=\u00bbyes\u00bb row_height_percent=\u00bb0&#8243; overlay_alpha=\u00bb50&#8243; gutter_size=\u00bb3&#8243; column_width_percent=\u00bb100&#8243; shift_y=\u00bb0&#8243; z_index=\u00bb0&#8243;][vc_column width=\u00bb1\/3&#8243;][vc_custom_heading heading_semantic=\u00bbh3&#8243; text_font=\u00bbfont-195522&#8243; text_size=\u00bbh1&#8243; text_weight=\u00bb700&#8243; text_color=\u00bbcolor-459661&#8243;]Pol\u00edtica de Privacidad[\/vc_custom_heading][\/vc_column][vc_column column_width_percent=\u00bb62&#8243; position_horizontal=\u00bbleft\u00bb gutter_size=\u00bb2&#8243; overlay_alpha=\u00bb50&#8243; shift_x=\u00bb0&#8243; shift_y=\u00bb0&#8243; shift_y_down=\u00bb0&#8243; z_index=\u00bb0&#8243; medium_width=\u00bb0&#8243; mobile_width=\u00bb0&#8243; width=\u00bb2\/3&#8243;][vc_row_inner row_inner_height_percent=\u00bb0&#8243; overlay_alpha=\u00bb50&#8243; gutter_size=\u00bb3&#8243; shift_y=\u00bb0&#8243; z_index=\u00bb0&#8243; limit_content=\u00bb\u00bb css=\u00bb.vc_custom_1621480917291{margin-top: 60px !important;}\u00bb][vc_column_inner column_width_percent=\u00bb100&#8243; position_horizontal=\u00bbright\u00bb gutter_size=\u00bb1&#8243; overlay_alpha=\u00bb50&#8243; shift_x=\u00bb0&#8243; shift_y=\u00bb0&#8243; shift_y_down=\u00bb0&#8243; z_index=\u00bb0&#8243; medium_width=\u00bb0&#8243; mobile_width=\u00bb0&#8243; width=\u00bb1\/1&#8243; css=\u00bb.vc_custom_1621480931203{padding-top: 20px !important;}\u00bb][vc_custom_heading heading_semantic=\u00bbh5&#8243; text_size=\u00bbh5&#8243; text_weight=\u00bb200&#8243;]<strong>1.<\/strong> MEGA LABS S.A. (en adelante, la \u201cEmpresa\u201d) es propietaria de la p\u00e1gina web <a href=\"https:\/\/iclos.global\/eng\">www.iclos.global<\/a> (en adelante, el \u201cSitio Web\u201d) y s\u00f3lo recoger\u00e1 informaci\u00f3n que contenga datos personales de los Usuarios (condici\u00f3n atribuida a quien acceda al Sitio Web) que brinden su consentimiento para ello, de acuerdo con los T\u00e9rminos y Condiciones de Uso incluidos en el Sitio Web.[\/vc_custom_heading][\/vc_column_inner][\/vc_row_inner][vc_row_inner row_inner_height_percent=\u00bb0&#8243; overlay_alpha=\u00bb50&#8243; gutter_size=\u00bb3&#8243; shift_y=\u00bb0&#8243; z_index=\u00bb0&#8243; limit_content=\u00bb\u00bb][vc_column_inner column_width_percent=\u00bb100&#8243; position_horizontal=\u00bbright\u00bb gutter_size=\u00bb1&#8243; overlay_alpha=\u00bb50&#8243; shift_x=\u00bb0&#8243; shift_y=\u00bb0&#8243; shift_y_down=\u00bb0&#8243; z_index=\u00bb0&#8243; medium_width=\u00bb0&#8243; mobile_width=\u00bb0&#8243; width=\u00bb1\/1&#8243;][vc_custom_heading heading_semantic=\u00bbh5&#8243; text_size=\u00bbh5&#8243; text_weight=\u00bb200&#8243;]<strong>2.<\/strong> Entre los datos personales que puede recoger el Sitio Web (en adelante, los \u201cDatos Personales\u201d), ya sea directamente o a trav\u00e9s de terceros, se incluyen, pero sin limitarse a ellos: cookies, datos de uso, nombre, apellido(s), sexo, fecha de nacimiento, n\u00famero de tel\u00e9fono, profesi\u00f3n, pa\u00eds, estado, provincia, direcci\u00f3n de correo electr\u00f3nico, c\u00f3digo postal, ciudad, p\u00e1gina web, identificadores \u00fanicos de dispositivo para publicidad, domicilio, nombre de Usuario, raz\u00f3n social y, en general, todo dato que sea compartido por el Usuario en ocasi\u00f3n del uso del Sitio Web o cualquiera de sus servicios o en el desarrollo de cualquier acci\u00f3n que la Empresa promocione o promueva.[\/vc_custom_heading][\/vc_column_inner][\/vc_row_inner][vc_row_inner row_inner_height_percent=\u00bb0&#8243; overlay_alpha=\u00bb50&#8243; gutter_size=\u00bb3&#8243; shift_y=\u00bb0&#8243; z_index=\u00bb0&#8243; limit_content=\u00bb\u00bb shape_dividers=\u00bb\u00bb][vc_column_inner column_width_percent=\u00bb100&#8243; position_horizontal=\u00bbright\u00bb gutter_size=\u00bb1&#8243; overlay_alpha=\u00bb50&#8243; shift_x=\u00bb0&#8243; shift_y=\u00bb0&#8243; shift_y_down=\u00bb0&#8243; z_index=\u00bb0&#8243; medium_width=\u00bb0&#8243; mobile_width=\u00bb0&#8243; width=\u00bb1\/1&#8243;][vc_custom_heading heading_semantic=\u00bbh5&#8243; text_size=\u00bbh5&#8243; text_weight=\u00bb200&#8243;]<strong>3.<\/strong> Los Datos Personales podr\u00e1n ser proporcionados por el Usuario o ser\u00e1n recogidos autom\u00e1ticamente cuando se utilice este Sitio Web. Todos los Datos Personales solicitados por parte de la Empresa son obligatorios y la negativa a proporcionarlos imposibilitar\u00e1 que la Empresa pueda prestar adecuadamente los servicios contenidos en el Sitio Web, as\u00ed como llevar a cabo y\/o promover las acciones que entienda oportunas. En los casos en los que se indique en el Sitio Web espec\u00edficamente que ciertos Datos Personales no son obligatorios, los Usuarios decidir\u00e1n si comunicarlos o no, sin que esto tenga consecuencia alguna sobre la disponibilidad o prestaci\u00f3n de los servicios contenidos en este Sitio Web o sobre el desarrollo de las acciones que la Empresa promocione o promueva.[\/vc_custom_heading][\/vc_column_inner][\/vc_row_inner][vc_row_inner row_inner_height_percent=\u00bb0&#8243; overlay_alpha=\u00bb50&#8243; gutter_size=\u00bb3&#8243; shift_y=\u00bb0&#8243; z_index=\u00bb0&#8243; limit_content=\u00bb\u00bb shape_dividers=\u00bb\u00bb][vc_column_inner column_width_percent=\u00bb100&#8243; position_horizontal=\u00bbright\u00bb gutter_size=\u00bb1&#8243; overlay_alpha=\u00bb50&#8243; shift_x=\u00bb0&#8243; shift_y=\u00bb0&#8243; shift_y_down=\u00bb0&#8243; z_index=\u00bb0&#8243; medium_width=\u00bb0&#8243; mobile_width=\u00bb0&#8243; width=\u00bb1\/1&#8243;][vc_custom_heading heading_semantic=\u00bbh5&#8243; text_size=\u00bbh5&#8243; text_weight=\u00bb200&#8243;]<strong>4.<\/strong> Los Datos Personales del Usuario ser\u00e1n recogidos para permitir a la Empresa la prestaci\u00f3n los servicios incluidos en el Sitio Web, para el desarrollo de acciones que la Empresa pueda promover o promocionar y para el correcto funcionamiento del Sitio Web; entre otras finalidades que la Empresa defina o pueda definir, oportunamente.[\/vc_custom_heading][\/vc_column_inner][\/vc_row_inner][vc_row_inner row_inner_height_percent=\u00bb0&#8243; overlay_alpha=\u00bb50&#8243; gutter_size=\u00bb3&#8243; shift_y=\u00bb0&#8243; z_index=\u00bb0&#8243; limit_content=\u00bb\u00bb shape_dividers=\u00bb\u00bb][vc_column_inner column_width_percent=\u00bb100&#8243; position_horizontal=\u00bbright\u00bb gutter_size=\u00bb1&#8243; overlay_alpha=\u00bb50&#8243; shift_x=\u00bb0&#8243; shift_y=\u00bb0&#8243; shift_y_down=\u00bb0&#8243; z_index=\u00bb0&#8243; medium_width=\u00bb0&#8243; mobile_width=\u00bb0&#8243; width=\u00bb1\/1&#8243;][vc_custom_heading heading_semantic=\u00bbh5&#8243; text_size=\u00bbh5&#8243; text_weight=\u00bb200&#8243;]<strong>5.<\/strong> El uso de cookies o de otras herramientas de seguimiento, por parte de la Empresa o por los titulares de servicios de terceros utilizados por este Sitio Web, tiene como finalidad lograr el correcto funcionamiento del Sitio Web, la prestaci\u00f3n los servicios incluidos en el mismo o el desarrollo de las acciones que la Empresa promocione o promueva.[\/vc_custom_heading][\/vc_column_inner][\/vc_row_inner][vc_row_inner row_inner_height_percent=\u00bb0&#8243; overlay_alpha=\u00bb50&#8243; gutter_size=\u00bb3&#8243; shift_y=\u00bb0&#8243; z_index=\u00bb0&#8243; limit_content=\u00bb\u00bb shape_dividers=\u00bb\u00bb][vc_column_inner column_width_percent=\u00bb100&#8243; position_horizontal=\u00bbright\u00bb gutter_size=\u00bb1&#8243; overlay_alpha=\u00bb50&#8243; shift_x=\u00bb0&#8243; shift_y=\u00bb0&#8243; shift_y_down=\u00bb0&#8243; z_index=\u00bb0&#8243; medium_width=\u00bb0&#8243; mobile_width=\u00bb0&#8243; width=\u00bb1\/1&#8243;][vc_custom_heading heading_semantic=\u00bbh5&#8243; text_size=\u00bbh5&#8243; text_weight=\u00bb200&#8243;]<strong>6.<\/strong> El Usuario asume la responsabilidad respecto de los Datos Personales de terceros que se obtengan, publiquen o compartan a trav\u00e9s de este Sitio Web y declara por que tiene el consentimiento de dichos terceros para proporcionar dichos Datos Personales a la Empresa.[\/vc_custom_heading][\/vc_column_inner][\/vc_row_inner][vc_row_inner row_inner_height_percent=\u00bb0&#8243; overlay_alpha=\u00bb50&#8243; gutter_size=\u00bb3&#8243; shift_y=\u00bb0&#8243; z_index=\u00bb0&#8243; limit_content=\u00bb\u00bb shape_dividers=\u00bb\u00bb][vc_column_inner column_width_percent=\u00bb100&#8243; position_horizontal=\u00bbright\u00bb gutter_size=\u00bb1&#8243; overlay_alpha=\u00bb50&#8243; shift_x=\u00bb0&#8243; shift_y=\u00bb0&#8243; shift_y_down=\u00bb0&#8243; z_index=\u00bb0&#8243; medium_width=\u00bb0&#8243; mobile_width=\u00bb0&#8243; width=\u00bb1\/1&#8243;][vc_custom_heading heading_semantic=\u00bbh5&#8243; text_size=\u00bbh5&#8243; text_weight=\u00bb200&#8243;]<strong>7.<\/strong> La Empresa utilizar\u00e1 los Datos Personales proporcionados por los Usuarios, \u00fanicamente con la finalidad y en la modalidad detallada en esta Pol\u00edtica de Privacidad (en adelante, la \u201cPol\u00edtica\u201d) y en estricto cumplimiento de la normativa de la Rep\u00fablica Oriental del Uruguay en materia de protecci\u00f3n de datos personales, comprendiendo: la Ley de Protecci\u00f3n de Datos Personales, n\u00famero 18.331, de 11-08-2008; la Ley n\u00famero 18.719, de 27\/12\/2010; la\u00a0 ley n\u00famero 19.670 de 15\/10\/2018; los decretos n\u00famero 664\/008, de 22-12-008,\u00a0 414\/009, de 31-8-009, y Decreto n\u00famero 64\/020 de 17\/02\/2020, as\u00ed como toda otra norma modificativa, complementaria y\/o concordante del referido marco.<\/p>\n<p>Asimismo, la Empresa se compromete a cumplir con el art\u00edculo 26 del Reglamento (UE) 2016\/679 del Parlamento Europeo y del Consejo de 27 de abril de 2016, en lo aplicable.[\/vc_custom_heading][\/vc_column_inner][\/vc_row_inner][vc_row_inner row_inner_height_percent=\u00bb0&#8243; overlay_alpha=\u00bb50&#8243; gutter_size=\u00bb3&#8243; shift_y=\u00bb0&#8243; z_index=\u00bb0&#8243; limit_content=\u00bb\u00bb shape_dividers=\u00bb\u00bb][vc_column_inner column_width_percent=\u00bb100&#8243; position_horizontal=\u00bbright\u00bb gutter_size=\u00bb1&#8243; overlay_alpha=\u00bb50&#8243; shift_x=\u00bb0&#8243; shift_y=\u00bb0&#8243; shift_y_down=\u00bb0&#8243; z_index=\u00bb0&#8243; medium_width=\u00bb0&#8243; mobile_width=\u00bb0&#8243; width=\u00bb1\/1&#8243;][vc_custom_heading heading_semantic=\u00bbh5&#8243; text_size=\u00bbh5&#8243; text_weight=\u00bb200&#8243;]<strong>8.<\/strong> Los Usuarios se registrar\u00e1n en el Sitio Web ingresando al mismo y siguiendo las indicaciones mencionadas, sin costo alguno.[\/vc_custom_heading][\/vc_column_inner][\/vc_row_inner][vc_row_inner row_inner_height_percent=\u00bb0&#8243; overlay_alpha=\u00bb50&#8243; gutter_size=\u00bb3&#8243; shift_y=\u00bb0&#8243; z_index=\u00bb0&#8243; limit_content=\u00bb\u00bb shape_dividers=\u00bb\u00bb][vc_column_inner column_width_percent=\u00bb100&#8243; position_horizontal=\u00bbright\u00bb gutter_size=\u00bb1&#8243; overlay_alpha=\u00bb50&#8243; shift_x=\u00bb0&#8243; shift_y=\u00bb0&#8243; shift_y_down=\u00bb0&#8243; z_index=\u00bb0&#8243; medium_width=\u00bb0&#8243; mobile_width=\u00bb0&#8243; width=\u00bb1\/1&#8243;][vc_custom_heading heading_semantic=\u00bbh5&#8243; text_size=\u00bbh5&#8243; text_weight=\u00bb200&#8243;]<strong>9.<\/strong> Para un \u00f3ptimo funcionamiento del Sitio Web y los servicios all\u00ed incluidos, as\u00ed como el correcto desarrollo de las acciones que la Empresa promueva o promocione, es necesario que los Usuarios mantengan sus datos actualizados; pudiendo la Empresa verificar la identidad de los Usuarios, solicitando las aclaraciones relevantes para dicho fin.[\/vc_custom_heading][\/vc_column_inner][\/vc_row_inner][vc_row_inner row_inner_height_percent=\u00bb0&#8243; overlay_alpha=\u00bb50&#8243; gutter_size=\u00bb3&#8243; shift_y=\u00bb0&#8243; z_index=\u00bb0&#8243; limit_content=\u00bb\u00bb shape_dividers=\u00bb\u00bb][vc_column_inner column_width_percent=\u00bb100&#8243; position_horizontal=\u00bbright\u00bb gutter_size=\u00bb1&#8243; overlay_alpha=\u00bb50&#8243; shift_x=\u00bb0&#8243; shift_y=\u00bb0&#8243; shift_y_down=\u00bb0&#8243; z_index=\u00bb0&#8243; medium_width=\u00bb0&#8243; mobile_width=\u00bb0&#8243; width=\u00bb1\/1&#8243;][vc_custom_heading heading_semantic=\u00bbh5&#8243; text_size=\u00bbh5&#8243; text_weight=\u00bb200&#8243;]<strong>10.<\/strong> Los Usuarios podr\u00e1n navegar por el Sitio Web y utilizar los servicios y contenidos incluidos en el mismo, as\u00ed como participar de las acciones que la Empresa promueva o promocione, de conformidad con lo establecido en esta Pol\u00edtica y en los T\u00e9rminos y Condiciones de Uso.[\/vc_custom_heading][\/vc_column_inner][\/vc_row_inner][vc_row_inner row_inner_height_percent=\u00bb0&#8243; overlay_alpha=\u00bb50&#8243; gutter_size=\u00bb3&#8243; shift_y=\u00bb0&#8243; z_index=\u00bb0&#8243; limit_content=\u00bb\u00bb shape_dividers=\u00bb\u00bb][vc_column_inner column_width_percent=\u00bb100&#8243; position_horizontal=\u00bbright\u00bb gutter_size=\u00bb1&#8243; overlay_alpha=\u00bb50&#8243; shift_x=\u00bb0&#8243; shift_y=\u00bb0&#8243; shift_y_down=\u00bb0&#8243; z_index=\u00bb0&#8243; medium_width=\u00bb0&#8243; mobile_width=\u00bb0&#8243; width=\u00bb1\/1&#8243;][vc_custom_heading heading_semantic=\u00bbh5&#8243; text_size=\u00bbh5&#8243; text_weight=\u00bb200&#8243;]<strong>11.<\/strong> La Empresa se compromete a emplear los Datos Personales que reciba, exclusivamente para los fines espec\u00edficos para los cuales el Usuario los proporciona, no cedi\u00e9ndolos a terceros. Sin perjuicio de ello, se reserva la posibilidad de utilizarlos en los otros servicios de la Empresa o de sus socios de negocios.[\/vc_custom_heading][\/vc_column_inner][\/vc_row_inner][vc_row_inner row_inner_height_percent=\u00bb0&#8243; overlay_alpha=\u00bb50&#8243; gutter_size=\u00bb3&#8243; shift_y=\u00bb0&#8243; z_index=\u00bb0&#8243; limit_content=\u00bb\u00bb shape_dividers=\u00bb\u00bb][vc_column_inner column_width_percent=\u00bb100&#8243; position_horizontal=\u00bbright\u00bb gutter_size=\u00bb1&#8243; overlay_alpha=\u00bb50&#8243; shift_x=\u00bb0&#8243; shift_y=\u00bb0&#8243; shift_y_down=\u00bb0&#8243; z_index=\u00bb0&#8243; medium_width=\u00bb0&#8243; mobile_width=\u00bb0&#8243; width=\u00bb1\/1&#8243;][vc_custom_heading heading_semantic=\u00bbh5&#8243; text_size=\u00bbh5&#8243; text_weight=\u00bb200&#8243;]<strong>12.<\/strong> Los Datos Personales de los Usuarios podr\u00e1n alojarse en los servidores que posee o contrata la Empresa actualmente o a futuro, en Uruguay o en otros pa\u00edses con un nivel de protecci\u00f3n adecuado.[\/vc_custom_heading][\/vc_column_inner][\/vc_row_inner][vc_row_inner row_inner_height_percent=\u00bb0&#8243; overlay_alpha=\u00bb50&#8243; gutter_size=\u00bb3&#8243; shift_y=\u00bb0&#8243; z_index=\u00bb0&#8243; limit_content=\u00bb\u00bb shape_dividers=\u00bb\u00bb][vc_column_inner column_width_percent=\u00bb100&#8243; position_horizontal=\u00bbright\u00bb gutter_size=\u00bb1&#8243; overlay_alpha=\u00bb50&#8243; shift_x=\u00bb0&#8243; shift_y=\u00bb0&#8243; shift_y_down=\u00bb0&#8243; z_index=\u00bb0&#8243; medium_width=\u00bb0&#8243; mobile_width=\u00bb0&#8243; width=\u00bb1\/1&#8243;][vc_custom_heading heading_semantic=\u00bbh5&#8243; text_size=\u00bbh5&#8243; text_weight=\u00bb200&#8243;]<strong>13.<\/strong> La Empresa ha implementado todas las medidas de seguridad necesarias para evitar que terceros no autorizados accedan a los datos. Ello incluye las medidas de seguridad f\u00edsicas y el acceso exclusivo de empleados, agentes, consultores y\/o subcontratistas que necesiten acceder a los datos por razones laborales, los cuales estar\u00e1n sujetos a obligaci\u00f3n de confidencialidad y de secreto profesional, contemplado en el art\u00edculo 302 del C\u00f3digo Penal Uruguayo.[\/vc_custom_heading][\/vc_column_inner][\/vc_row_inner][vc_row_inner row_inner_height_percent=\u00bb0&#8243; overlay_alpha=\u00bb50&#8243; gutter_size=\u00bb3&#8243; shift_y=\u00bb0&#8243; z_index=\u00bb0&#8243; limit_content=\u00bb\u00bb shape_dividers=\u00bb\u00bb][vc_column_inner column_width_percent=\u00bb100&#8243; position_horizontal=\u00bbright\u00bb gutter_size=\u00bb1&#8243; overlay_alpha=\u00bb50&#8243; shift_x=\u00bb0&#8243; shift_y=\u00bb0&#8243; shift_y_down=\u00bb0&#8243; z_index=\u00bb0&#8243; medium_width=\u00bb0&#8243; mobile_width=\u00bb0&#8243; width=\u00bb1\/1&#8243;][vc_custom_heading heading_semantic=\u00bbh5&#8243; text_size=\u00bbh5&#8243; text_weight=\u00bb200&#8243;]<strong>14.<\/strong> La Empresa har\u00e1 los m\u00e1ximos esfuerzos para proteger los Datos Personales de los Usuarios. Sin embargo, en cumplimiento de obligaciones contractuales que asuma con terceros o en el caso de que exista una orden judicial o administrativa al respecto, podr\u00e1 revelar algunos de los datos que tenga en su poder.[\/vc_custom_heading][\/vc_column_inner][\/vc_row_inner][vc_row_inner row_inner_height_percent=\u00bb0&#8243; overlay_alpha=\u00bb50&#8243; gutter_size=\u00bb3&#8243; shift_y=\u00bb0&#8243; z_index=\u00bb0&#8243; limit_content=\u00bb\u00bb css=\u00bb.vc_custom_1621482205266{margin-bottom: 50px !important;}\u00bb shape_dividers=\u00bb\u00bb][vc_column_inner column_width_percent=\u00bb100&#8243; position_horizontal=\u00bbright\u00bb gutter_size=\u00bb1&#8243; overlay_alpha=\u00bb50&#8243; shift_x=\u00bb0&#8243; shift_y=\u00bb0&#8243; shift_y_down=\u00bb0&#8243; z_index=\u00bb0&#8243; medium_width=\u00bb0&#8243; mobile_width=\u00bb0&#8243; width=\u00bb1\/1&#8243;][vc_custom_heading heading_semantic=\u00bbh5&#8243; text_size=\u00bbh5&#8243; text_weight=\u00bb200&#8243;]<strong>15.<\/strong> El responsable de las bases de datos es la Empresa<em>,<\/em>\u00a0pudi\u00e9ndose ejercer los derechos de acceso, modificaci\u00f3n o supresi\u00f3n dirigi\u00e9ndose a <a href=\"mailto:xxxxxx@megalabs.global\">xxxxxx@megalabs.global<\/a> o a la atenci\u00f3n del departamento de Legales de la Empresa a la siguiente direcci\u00f3n: Ruta 101, Km. 23.500, Parque de las Ciencias, Edificio Platino, Piso 3, 14.000, General L\u00edber Seregni, Canelones, Uruguay. Tambi\u00e9n podr\u00e1 presentar el Usuario, por dichos medios, las quejas o sugerencias que entienda oportunas.[\/vc_custom_heading][\/vc_column_inner][\/vc_row_inner][\/vc_column][\/vc_row]<\/p>\n<\/div>","protected":false},"excerpt":{"rendered":"<p>[vc_row unlock_row_content=\u00bbyes\u00bb row_height_percent=\u00bb0&#8243; overlay_alpha=\u00bb50&#8243; gutter_size=\u00bb3&#8243; column_width_percent=\u00bb100&#8243; shift_y=\u00bb0&#8243; z_index=\u00bb0&#8243;][vc_column width=\u00bb1\/3&#8243;][vc_custom_heading heading_semantic=\u00bbh3&#8243; text_font=\u00bbfont-195522&#8243; text_size=\u00bbh1&#8243; text_weight=\u00bb700&#8243; text_color=\u00bbcolor-459661&#8243;]Pol\u00edtica de Privacidad[\/vc_custom_heading][\/vc_column][vc_column column_width_percent=\u00bb62&#8243; position_horizontal=\u00bbleft\u00bb gutter_size=\u00bb2&#8243; overlay_alpha=\u00bb50&#8243; [&hellip;]<\/p>\n","protected":false},"author":7,"featured_media":0,"parent":0,"menu_order":0,"comment_status":"closed","ping_status":"closed","template":"","meta":{"footnotes":""},"class_list":["post-86288","page","type-page","status-publish","hentry"],"yoast_head":"<!-- This site is optimized with the Yoast SEO plugin v24.1 - https:\/\/yoast.com\/wordpress\/plugins\/seo\/ -->\n<title>Pol\u00edtica de Privacidad - ICLOS<\/title>\n<meta name=\"robots\" content=\"index, follow, max-snippet:-1, max-image-preview:large, max-video-preview:-1\" \/>\n<link rel=\"canonical\" href=\"https:\/\/iclos.global\/eng\/politica-de-privacidad\/\" \/>\n<meta property=\"og:locale\" content=\"es_ES\" \/>\n<meta property=\"og:type\" content=\"article\" \/>\n<meta property=\"og:title\" content=\"Pol\u00edtica de Privacidad - ICLOS\" \/>\n<meta property=\"og:description\" content=\"[vc_row unlock_row_content=\u00bbyes\u00bb row_height_percent=\u00bb0&#8243; overlay_alpha=\u00bb50&#8243; gutter_size=\u00bb3&#8243; column_width_percent=\u00bb100&#8243; shift_y=\u00bb0&#8243; z_index=\u00bb0&#8243;][vc_column width=\u00bb1\/3&#8243;][vc_custom_heading heading_semantic=\u00bbh3&#8243; text_font=\u00bbfont-195522&#8243; text_size=\u00bbh1&#8243; text_weight=\u00bb700&#8243; text_color=\u00bbcolor-459661&#8243;]Pol\u00edtica de Privacidad[\/vc_custom_heading][\/vc_column][vc_column column_width_percent=\u00bb62&#8243; position_horizontal=\u00bbleft\u00bb gutter_size=\u00bb2&#8243; overlay_alpha=\u00bb50&#8243; [&hellip;]\" \/>\n<meta property=\"og:url\" content=\"https:\/\/iclos.global\/eng\/politica-de-privacidad\/\" \/>\n<meta property=\"og:site_name\" content=\"ICLOS\" \/>\n<meta property=\"article:modified_time\" content=\"2021-05-20T03:43:33+00:00\" \/>\n<meta name=\"twitter:card\" content=\"summary_large_image\" \/>\n<meta name=\"twitter:label1\" content=\"Tiempo de lectura\" \/>\n\t<meta name=\"twitter:data1\" content=\"6 minutos\" \/>\n<script type=\"application\/ld+json\" class=\"yoast-schema-graph\">{\"@context\":\"https:\/\/schema.org\",\"@graph\":[{\"@type\":\"WebPage\",\"@id\":\"https:\/\/iclos.global\/eng\/politica-de-privacidad\/\",\"url\":\"https:\/\/iclos.global\/eng\/politica-de-privacidad\/\",\"name\":\"Pol\u00edtica de Privacidad - ICLOS\",\"isPartOf\":{\"@id\":\"https:\/\/iclos.global\/eng\/#website\"},\"datePublished\":\"2021-05-20T03:14:15+00:00\",\"dateModified\":\"2021-05-20T03:43:33+00:00\",\"breadcrumb\":{\"@id\":\"https:\/\/iclos.global\/eng\/politica-de-privacidad\/#breadcrumb\"},\"inLanguage\":\"es\",\"potentialAction\":[{\"@type\":\"ReadAction\",\"target\":[\"https:\/\/iclos.global\/eng\/politica-de-privacidad\/\"]}]},{\"@type\":\"BreadcrumbList\",\"@id\":\"https:\/\/iclos.global\/eng\/politica-de-privacidad\/#breadcrumb\",\"itemListElement\":[{\"@type\":\"ListItem\",\"position\":1,\"name\":\"Portada\",\"item\":\"https:\/\/iclos.global\/eng\/\"},{\"@type\":\"ListItem\",\"position\":2,\"name\":\"Pol\u00edtica de Privacidad\"}]},{\"@type\":\"WebSite\",\"@id\":\"https:\/\/iclos.global\/eng\/#website\",\"url\":\"https:\/\/iclos.global\/eng\/\",\"name\":\"MEGALABS\",\"description\":\"\",\"potentialAction\":[{\"@type\":\"SearchAction\",\"target\":{\"@type\":\"EntryPoint\",\"urlTemplate\":\"https:\/\/iclos.global\/eng\/?s={search_term_string}\"},\"query-input\":{\"@type\":\"PropertyValueSpecification\",\"valueRequired\":true,\"valueName\":\"search_term_string\"}}],\"inLanguage\":\"es\"}]}<\/script>\n<!-- \/ Yoast SEO plugin. -->","yoast_head_json":{"title":"Pol\u00edtica de Privacidad - ICLOS","robots":{"index":"index","follow":"follow","max-snippet":"max-snippet:-1","max-image-preview":"max-image-preview:large","max-video-preview":"max-video-preview:-1"},"canonical":"https:\/\/iclos.global\/eng\/politica-de-privacidad\/","og_locale":"es_ES","og_type":"article","og_title":"Pol\u00edtica de Privacidad - ICLOS","og_description":"[vc_row unlock_row_content=\u00bbyes\u00bb row_height_percent=\u00bb0&#8243; overlay_alpha=\u00bb50&#8243; gutter_size=\u00bb3&#8243; column_width_percent=\u00bb100&#8243; shift_y=\u00bb0&#8243; z_index=\u00bb0&#8243;][vc_column width=\u00bb1\/3&#8243;][vc_custom_heading heading_semantic=\u00bbh3&#8243; text_font=\u00bbfont-195522&#8243; text_size=\u00bbh1&#8243; text_weight=\u00bb700&#8243; text_color=\u00bbcolor-459661&#8243;]Pol\u00edtica de Privacidad[\/vc_custom_heading][\/vc_column][vc_column column_width_percent=\u00bb62&#8243; position_horizontal=\u00bbleft\u00bb gutter_size=\u00bb2&#8243; overlay_alpha=\u00bb50&#8243; [&hellip;]","og_url":"https:\/\/iclos.global\/eng\/politica-de-privacidad\/","og_site_name":"ICLOS","article_modified_time":"2021-05-20T03:43:33+00:00","twitter_card":"summary_large_image","twitter_misc":{"Tiempo de lectura":"6 minutos"},"schema":{"@context":"https:\/\/schema.org","@graph":[{"@type":"WebPage","@id":"https:\/\/iclos.global\/eng\/politica-de-privacidad\/","url":"https:\/\/iclos.global\/eng\/politica-de-privacidad\/","name":"Pol\u00edtica de Privacidad - ICLOS","isPartOf":{"@id":"https:\/\/iclos.global\/eng\/#website"},"datePublished":"2021-05-20T03:14:15+00:00","dateModified":"2021-05-20T03:43:33+00:00","breadcrumb":{"@id":"https:\/\/iclos.global\/eng\/politica-de-privacidad\/#breadcrumb"},"inLanguage":"es","potentialAction":[{"@type":"ReadAction","target":["https:\/\/iclos.global\/eng\/politica-de-privacidad\/"]}]},{"@type":"BreadcrumbList","@id":"https:\/\/iclos.global\/eng\/politica-de-privacidad\/#breadcrumb","itemListElement":[{"@type":"ListItem","position":1,"name":"Portada","item":"https:\/\/iclos.global\/eng\/"},{"@type":"ListItem","position":2,"name":"Pol\u00edtica de Privacidad"}]},{"@type":"WebSite","@id":"https:\/\/iclos.global\/eng\/#website","url":"https:\/\/iclos.global\/eng\/","name":"MEGALABS","description":"","potentialAction":[{"@type":"SearchAction","target":{"@type":"EntryPoint","urlTemplate":"https:\/\/iclos.global\/eng\/?s={search_term_string}"},"query-input":{"@type":"PropertyValueSpecification","valueRequired":true,"valueName":"search_term_string"}}],"inLanguage":"es"}]}},"_links":{"self":[{"href":"https:\/\/iclos.global\/eng\/wp-json\/wp\/v2\/pages\/86288","targetHints":{"allow":["GET"]}}],"collection":[{"href":"https:\/\/iclos.global\/eng\/wp-json\/wp\/v2\/pages"}],"about":[{"href":"https:\/\/iclos.global\/eng\/wp-json\/wp\/v2\/types\/page"}],"author":[{"embeddable":true,"href":"https:\/\/iclos.global\/eng\/wp-json\/wp\/v2\/users\/7"}],"replies":[{"embeddable":true,"href":"https:\/\/iclos.global\/eng\/wp-json\/wp\/v2\/comments?post=86288"}],"version-history":[{"count":0,"href":"https:\/\/iclos.global\/eng\/wp-json\/wp\/v2\/pages\/86288\/revisions"}],"wp:attachment":[{"href":"https:\/\/iclos.global\/eng\/wp-json\/wp\/v2\/media?parent=86288"}],"curies":[{"name":"wp","href":"https:\/\/api.w.org\/{rel}","templated":true}]}}