{"id":86087,"date":"2021-04-20T15:59:33","date_gmt":"2021-04-20T18:59:33","guid":{"rendered":"https:\/\/iclos.global\/eng\/?post_type=product&#038;p=86087"},"modified":"2021-04-20T16:08:51","modified_gmt":"2021-04-20T19:08:51","slug":"libende-doxorrumal","status":"publish","type":"product","link":"https:\/\/iclos.global\/eng\/producto\/libende-doxorrumal\/","title":{"rendered":"Libende &#8211; Doxorrumal"},"content":{"rendered":"<div class=\"wpb-content-wrapper\"><p>[vc_row row_height_percent=\u00bb0&#8243; overlay_alpha=\u00bb50&#8243; gutter_size=\u00bb3&#8243; column_width_percent=\u00bb100&#8243; shift_y=\u00bb0&#8243; z_index=\u00bb0&#8243; el_class=\u00bbborro-en-producto\u00bb][vc_column width=\u00bb1\/1&#8243;][vc_column_text]<\/p>\n<h3>Principio activo: Doxorubicina clorhidrato<br \/>\nPresentaciones: Vial de 20mg\/ 10ml<\/h3>\n<p>&nbsp;<\/p>\n<h4><\/h4>\n<p><strong>Mecanismo de acci\u00f3n y blancos moleculares (biol\u00f3gicos)<\/strong><\/p>\n<p>Doxorrubicina clorhidrato es una antraciclina citot\u00f3xica, con actividad antibi\u00f3tica y citost\u00e1tica. Se une a los \u00e1cidos nucleicos por intercalaci\u00f3n espec\u00edfica con el ADN doble h\u00e9lice y a su vez es capaz de inhibir la acci\u00f3n de la enzima topoisomerasa II; interfiriendo as\u00ed con la transcripci\u00f3n y replicaci\u00f3n del ADN.[\/vc_column_text][\/vc_column][\/vc_row][vc_row row_height_percent=\u00bb0&#8243; overlay_alpha=\u00bb50&#8243; gutter_size=\u00bb3&#8243; column_width_percent=\u00bb100&#8243; shift_y=\u00bb0&#8243; z_index=\u00bb0&#8243; el_class=\u00bbcatalogo-item\u00bb][vc_column width=\u00bb1\/1&#8243;][vc_row_inner][vc_column_inner width=\u00bb1\/1&#8243;][vc_empty_space empty_h=\u00bb0&#8243;][\/vc_column_inner][\/vc_row_inner][vc_row_inner][vc_column_inner width=\u00bb5\/6&#8243;][vc_column_text][\/vc_column_text][\/vc_column_inner][vc_column_inner width=\u00bb1\/6&#8243;][vc_column_text]<img decoding=\"async\" class=\"alignnone wp-image-85422 size-full\" src=\"https:\/\/iclos.global\/eng\/wp-content\/uploads\/2020\/05\/logo-prod.png\" alt=\"\" width=\"128\" height=\"46\" \/>[\/vc_column_text][\/vc_column_inner][\/vc_row_inner][\/vc_column][\/vc_row]<\/p>\n<\/div>","protected":false},"excerpt":{"rendered":"<h3>Principio activo: Doxorubicina clorhidrato<br \/>\nPresentaciones: Vial de 20mg\/ 10ml<\/h3>\n<p>&nbsp;<\/p>\n<h4><\/h4>\n<p><strong>Mecanismo de acci\u00f3n y blancos moleculares (biol\u00f3gicos)<\/strong><\/p>\n<p>Doxorrubicina clorhidrato es una antraciclina citot\u00f3xica, con actividad antibi\u00f3tica y citost\u00e1tica. Se une a los \u00e1cidos nucleicos por intercalaci\u00f3n espec\u00edfica con el ADN doble h\u00e9lice y a su vez es capaz de inhibir la acci\u00f3n de la enzima topoisomerasa II; interfiriendo as\u00ed con la transcripci\u00f3n y replicaci\u00f3n del ADN.<\/p>\n<p><strong>Indicaciones terap\u00e9uticas<\/strong><\/p>\n<ul>\n<li>C\u00e1ncer de ovario, luego de qiumioterapia fallida basada en platino.<\/li>\n<li>Sacroma de Kaposi relacionado a SIDA, luego de quimioterapia sist\u00e9mica fallida o en caso de intolerancia a dicha quimioterapia.<\/li>\n<li>Mieloma m\u00faltiple, en combinaci\u00f3n con Bortezomib en pacientes que no recibieron previamente Bortezomib y recibieron como m\u00ednimo una terapia previa.<\/li>\n<\/ul>\n<p><strong>Aprobaciones y pautas (FDA; EMA; ASCO; ESMO)<\/strong><\/p>\n<p>Doxorrubicina clorhidrato ha sido aprobado por EMA y FDA para las indicaciones nteriormente mencionadas.<br \/>\nESMO: Doxorrubicina contin\u00faa siendo el est\u00e1ndar de oro para la quimioterapia de primera l\u00ednea, para pacientes con sarcoma de tejidos blandos metast\u00e1sico o avanzado.<\/p>\n<p><strong>Dosis y plan terap\u00e9utico<\/strong><\/p>\n<p>El plan terap\u00e9utico depender\u00e1 de cada indicaci\u00f3n.<br \/>\nDosis recomendada: entre 20-50 mg\/m\u00b2 v\u00eda intravenosa con periodicidad comprendida entre 10 \u2013 21 d\u00edas, hasta que la enfermedad no progrese y el paciente siga tolerando el tratamiento.<\/p>\n<p><em>Por m\u00e1s informaci\u00f3n ver la ficha t\u00e9cnica del producto.<\/em><\/p>\n","protected":false},"featured_media":86088,"template":"","meta":[],"product_cat":[125],"product_tag":[],"class_list":{"0":"post-86087","1":"product","2":"type-product","3":"status-publish","4":"has-post-thumbnail","6":"product_cat-sin-categorizar","7":"pa_area-terapeutica-oncologia","8":"pa_nombre-libende-doxorrumal","9":"pa_principio-activo-doxorubicina-clorhidrato","11":"first","12":"instock","13":"shipping-taxable","14":"product-type-simple"},"yoast_head":"<!-- This site is optimized with the Yoast SEO plugin v24.1 - https:\/\/yoast.com\/wordpress\/plugins\/seo\/ -->\n<title>Libende - Doxorrumal - ICLOS<\/title>\n<meta name=\"robots\" content=\"index, follow, max-snippet:-1, max-image-preview:large, max-video-preview:-1\" \/>\n<link rel=\"canonical\" href=\"https:\/\/iclos.global\/eng\/producto\/libende-doxorrumal\/\" \/>\n<meta property=\"og:locale\" content=\"es_ES\" \/>\n<meta property=\"og:type\" content=\"article\" \/>\n<meta property=\"og:title\" content=\"Libende - Doxorrumal - ICLOS\" \/>\n<meta property=\"og:description\" content=\"Principio activo: Doxorubicina clorhidrato Presentaciones: Vial de 20mg\/ 10ml &nbsp;  Mecanismo de acci\u00f3n y blancos moleculares (biol\u00f3gicos)  Doxorrubicina clorhidrato es una antraciclina citot\u00f3xica, con actividad antibi\u00f3tica y citost\u00e1tica. Se une a los \u00e1cidos nucleicos por intercalaci\u00f3n espec\u00edfica con el ADN doble h\u00e9lice y a su vez es capaz de inhibir la acci\u00f3n de la enzima topoisomerasa II; interfiriendo as\u00ed con la transcripci\u00f3n y replicaci\u00f3n del ADN.  Indicaciones terap\u00e9uticas   C\u00e1ncer de ovario, luego de qiumioterapia fallida basada en platino.  Sacroma de Kaposi relacionado a SIDA, luego de quimioterapia sist\u00e9mica fallida o en caso de intolerancia a dicha quimioterapia.  Mieloma m\u00faltiple, en combinaci\u00f3n con Bortezomib en pacientes que no recibieron previamente Bortezomib y recibieron como m\u00ednimo una terapia previa.  Aprobaciones y pautas (FDA; EMA; ASCO; ESMO)  Doxorrubicina clorhidrato ha sido aprobado por EMA y FDA para las indicaciones nteriormente mencionadas. ESMO: Doxorrubicina contin\u00faa siendo el est\u00e1ndar de oro para la quimioterapia de primera l\u00ednea, para pacientes con sarcoma de tejidos blandos metast\u00e1sico o avanzado.  Dosis y plan terap\u00e9utico  El plan terap\u00e9utico depender\u00e1 de cada indicaci\u00f3n. Dosis recomendada: entre 20-50 mg\/m\u00b2 v\u00eda intravenosa con periodicidad comprendida entre 10 \u2013 21 d\u00edas, hasta que la enfermedad no progrese y el paciente siga tolerando el tratamiento.  Por m\u00e1s informaci\u00f3n ver la ficha t\u00e9cnica del producto.\" \/>\n<meta property=\"og:url\" content=\"https:\/\/iclos.global\/eng\/producto\/libende-doxorrumal\/\" \/>\n<meta property=\"og:site_name\" content=\"ICLOS\" \/>\n<meta property=\"article:modified_time\" content=\"2021-04-20T19:08:51+00:00\" \/>\n<meta property=\"og:image\" content=\"https:\/\/iclos.global\/eng\/wp-content\/uploads\/2021\/04\/doxorrumal.jpg\" \/>\n\t<meta property=\"og:image:width\" content=\"600\" \/>\n\t<meta property=\"og:image:height\" content=\"600\" \/>\n\t<meta property=\"og:image:type\" content=\"image\/jpeg\" \/>\n<meta name=\"twitter:card\" content=\"summary_large_image\" \/>\n<meta name=\"twitter:label1\" content=\"Tiempo de lectura\" \/>\n\t<meta name=\"twitter:data1\" content=\"1 minuto\" \/>\n<script type=\"application\/ld+json\" class=\"yoast-schema-graph\">{\"@context\":\"https:\/\/schema.org\",\"@graph\":[{\"@type\":\"WebPage\",\"@id\":\"https:\/\/iclos.global\/eng\/producto\/libende-doxorrumal\/\",\"url\":\"https:\/\/iclos.global\/eng\/producto\/libende-doxorrumal\/\",\"name\":\"Libende - Doxorrumal - ICLOS\",\"isPartOf\":{\"@id\":\"https:\/\/iclos.global\/eng\/#website\"},\"primaryImageOfPage\":{\"@id\":\"https:\/\/iclos.global\/eng\/producto\/libende-doxorrumal\/#primaryimage\"},\"image\":{\"@id\":\"https:\/\/iclos.global\/eng\/producto\/libende-doxorrumal\/#primaryimage\"},\"thumbnailUrl\":\"https:\/\/iclos.global\/eng\/wp-content\/uploads\/2021\/04\/doxorrumal.jpg\",\"datePublished\":\"2021-04-20T18:59:33+00:00\",\"dateModified\":\"2021-04-20T19:08:51+00:00\",\"breadcrumb\":{\"@id\":\"https:\/\/iclos.global\/eng\/producto\/libende-doxorrumal\/#breadcrumb\"},\"inLanguage\":\"es\",\"potentialAction\":[{\"@type\":\"ReadAction\",\"target\":[\"https:\/\/iclos.global\/eng\/producto\/libende-doxorrumal\/\"]}]},{\"@type\":\"ImageObject\",\"inLanguage\":\"es\",\"@id\":\"https:\/\/iclos.global\/eng\/producto\/libende-doxorrumal\/#primaryimage\",\"url\":\"https:\/\/iclos.global\/eng\/wp-content\/uploads\/2021\/04\/doxorrumal.jpg\",\"contentUrl\":\"https:\/\/iclos.global\/eng\/wp-content\/uploads\/2021\/04\/doxorrumal.jpg\",\"width\":600,\"height\":600},{\"@type\":\"BreadcrumbList\",\"@id\":\"https:\/\/iclos.global\/eng\/producto\/libende-doxorrumal\/#breadcrumb\",\"itemListElement\":[{\"@type\":\"ListItem\",\"position\":1,\"name\":\"Portada\",\"item\":\"https:\/\/iclos.global\/eng\/\"},{\"@type\":\"ListItem\",\"position\":2,\"name\":\"Tienda\",\"item\":\"https:\/\/iclos.global\/eng\/tienda\/\"},{\"@type\":\"ListItem\",\"position\":3,\"name\":\"Libende &#8211; Doxorrumal\"}]},{\"@type\":\"WebSite\",\"@id\":\"https:\/\/iclos.global\/eng\/#website\",\"url\":\"https:\/\/iclos.global\/eng\/\",\"name\":\"MEGALABS\",\"description\":\"\",\"potentialAction\":[{\"@type\":\"SearchAction\",\"target\":{\"@type\":\"EntryPoint\",\"urlTemplate\":\"https:\/\/iclos.global\/eng\/?s={search_term_string}\"},\"query-input\":{\"@type\":\"PropertyValueSpecification\",\"valueRequired\":true,\"valueName\":\"search_term_string\"}}],\"inLanguage\":\"es\"}]}<\/script>\n<!-- \/ Yoast SEO plugin. -->","yoast_head_json":{"title":"Libende - Doxorrumal - ICLOS","robots":{"index":"index","follow":"follow","max-snippet":"max-snippet:-1","max-image-preview":"max-image-preview:large","max-video-preview":"max-video-preview:-1"},"canonical":"https:\/\/iclos.global\/eng\/producto\/libende-doxorrumal\/","og_locale":"es_ES","og_type":"article","og_title":"Libende - Doxorrumal - ICLOS","og_description":"Principio activo: Doxorubicina clorhidrato Presentaciones: Vial de 20mg\/ 10ml &nbsp;  Mecanismo de acci\u00f3n y blancos moleculares (biol\u00f3gicos)  Doxorrubicina clorhidrato es una antraciclina citot\u00f3xica, con actividad antibi\u00f3tica y citost\u00e1tica. Se une a los \u00e1cidos nucleicos por intercalaci\u00f3n espec\u00edfica con el ADN doble h\u00e9lice y a su vez es capaz de inhibir la acci\u00f3n de la enzima topoisomerasa II; interfiriendo as\u00ed con la transcripci\u00f3n y replicaci\u00f3n del ADN.  Indicaciones terap\u00e9uticas   C\u00e1ncer de ovario, luego de qiumioterapia fallida basada en platino.  Sacroma de Kaposi relacionado a SIDA, luego de quimioterapia sist\u00e9mica fallida o en caso de intolerancia a dicha quimioterapia.  Mieloma m\u00faltiple, en combinaci\u00f3n con Bortezomib en pacientes que no recibieron previamente Bortezomib y recibieron como m\u00ednimo una terapia previa.  Aprobaciones y pautas (FDA; EMA; ASCO; ESMO)  Doxorrubicina clorhidrato ha sido aprobado por EMA y FDA para las indicaciones nteriormente mencionadas. ESMO: Doxorrubicina contin\u00faa siendo el est\u00e1ndar de oro para la quimioterapia de primera l\u00ednea, para pacientes con sarcoma de tejidos blandos metast\u00e1sico o avanzado.  Dosis y plan terap\u00e9utico  El plan terap\u00e9utico depender\u00e1 de cada indicaci\u00f3n. Dosis recomendada: entre 20-50 mg\/m\u00b2 v\u00eda intravenosa con periodicidad comprendida entre 10 \u2013 21 d\u00edas, hasta que la enfermedad no progrese y el paciente siga tolerando el tratamiento.  Por m\u00e1s informaci\u00f3n ver la ficha t\u00e9cnica del producto.","og_url":"https:\/\/iclos.global\/eng\/producto\/libende-doxorrumal\/","og_site_name":"ICLOS","article_modified_time":"2021-04-20T19:08:51+00:00","og_image":[{"width":600,"height":600,"url":"https:\/\/iclos.global\/eng\/wp-content\/uploads\/2021\/04\/doxorrumal.jpg","type":"image\/jpeg"}],"twitter_card":"summary_large_image","twitter_misc":{"Tiempo de lectura":"1 minuto"},"schema":{"@context":"https:\/\/schema.org","@graph":[{"@type":"WebPage","@id":"https:\/\/iclos.global\/eng\/producto\/libende-doxorrumal\/","url":"https:\/\/iclos.global\/eng\/producto\/libende-doxorrumal\/","name":"Libende - Doxorrumal - ICLOS","isPartOf":{"@id":"https:\/\/iclos.global\/eng\/#website"},"primaryImageOfPage":{"@id":"https:\/\/iclos.global\/eng\/producto\/libende-doxorrumal\/#primaryimage"},"image":{"@id":"https:\/\/iclos.global\/eng\/producto\/libende-doxorrumal\/#primaryimage"},"thumbnailUrl":"https:\/\/iclos.global\/eng\/wp-content\/uploads\/2021\/04\/doxorrumal.jpg","datePublished":"2021-04-20T18:59:33+00:00","dateModified":"2021-04-20T19:08:51+00:00","breadcrumb":{"@id":"https:\/\/iclos.global\/eng\/producto\/libende-doxorrumal\/#breadcrumb"},"inLanguage":"es","potentialAction":[{"@type":"ReadAction","target":["https:\/\/iclos.global\/eng\/producto\/libende-doxorrumal\/"]}]},{"@type":"ImageObject","inLanguage":"es","@id":"https:\/\/iclos.global\/eng\/producto\/libende-doxorrumal\/#primaryimage","url":"https:\/\/iclos.global\/eng\/wp-content\/uploads\/2021\/04\/doxorrumal.jpg","contentUrl":"https:\/\/iclos.global\/eng\/wp-content\/uploads\/2021\/04\/doxorrumal.jpg","width":600,"height":600},{"@type":"BreadcrumbList","@id":"https:\/\/iclos.global\/eng\/producto\/libende-doxorrumal\/#breadcrumb","itemListElement":[{"@type":"ListItem","position":1,"name":"Portada","item":"https:\/\/iclos.global\/eng\/"},{"@type":"ListItem","position":2,"name":"Tienda","item":"https:\/\/iclos.global\/eng\/tienda\/"},{"@type":"ListItem","position":3,"name":"Libende &#8211; Doxorrumal"}]},{"@type":"WebSite","@id":"https:\/\/iclos.global\/eng\/#website","url":"https:\/\/iclos.global\/eng\/","name":"MEGALABS","description":"","potentialAction":[{"@type":"SearchAction","target":{"@type":"EntryPoint","urlTemplate":"https:\/\/iclos.global\/eng\/?s={search_term_string}"},"query-input":{"@type":"PropertyValueSpecification","valueRequired":true,"valueName":"search_term_string"}}],"inLanguage":"es"}]}},"_links":{"self":[{"href":"https:\/\/iclos.global\/eng\/wp-json\/wp\/v2\/product\/86087","targetHints":{"allow":["GET"]}}],"collection":[{"href":"https:\/\/iclos.global\/eng\/wp-json\/wp\/v2\/product"}],"about":[{"href":"https:\/\/iclos.global\/eng\/wp-json\/wp\/v2\/types\/product"}],"wp:featuredmedia":[{"embeddable":true,"href":"https:\/\/iclos.global\/eng\/wp-json\/wp\/v2\/media\/86088"}],"wp:attachment":[{"href":"https:\/\/iclos.global\/eng\/wp-json\/wp\/v2\/media?parent=86087"}],"wp:term":[{"taxonomy":"product_cat","embeddable":true,"href":"https:\/\/iclos.global\/eng\/wp-json\/wp\/v2\/product_cat?post=86087"},{"taxonomy":"product_tag","embeddable":true,"href":"https:\/\/iclos.global\/eng\/wp-json\/wp\/v2\/product_tag?post=86087"}],"curies":[{"name":"wp","href":"https:\/\/api.w.org\/{rel}","templated":true}]}}