{"id":86102,"date":"2021-04-21T10:04:22","date_gmt":"2021-04-21T13:04:22","guid":{"rendered":"https:\/\/iclos.global\/eng\/?post_type=product&#038;p=86102"},"modified":"2021-04-21T10:10:11","modified_gmt":"2021-04-21T13:10:11","slug":"kimatinib-matineb-matinac","status":"publish","type":"product","link":"https:\/\/iclos.global\/eng\/producto\/kimatinib-matineb-matinac\/","title":{"rendered":"Kimatinib &#8211; Matineb &#8211; Matinac"},"content":{"rendered":"<div class=\"wpb-content-wrapper\"><p>[vc_row row_height_percent=\u00bb0&#8243; overlay_alpha=\u00bb50&#8243; gutter_size=\u00bb3&#8243; column_width_percent=\u00bb100&#8243; shift_y=\u00bb0&#8243; z_index=\u00bb0&#8243; el_class=\u00bbborro-en-producto\u00bb][vc_column width=\u00bb1\/1&#8243;][vc_column_text]<\/p>\n<h3>Principio activo: Imatinib<br \/>\nPresentaciones: Kimatinib, Matinac<br \/>\nComp.recub. 100 mg &#8211; Comp.recub. 400 mg<br \/>\nMatineb<br \/>\nComp. Recub. 400 mg<\/h3>\n<p>&nbsp;<\/p>\n<h4><\/h4>\n<p><strong>Mecanismo de acci\u00f3n y blancos moleculares (biol\u00f3gicos)<\/strong><\/p>\n<p>Imatinib inhibe la proliferaci\u00f3n e induce la apoptosis de las l\u00edneas celulares positivas para BCR-ABL as\u00ed como a las c\u00e9lulas leuc\u00e9micas frescas de la leucemia mieloide cr\u00f3nica, positivas para el cromosoma Filadelfia.[\/vc_column_text][\/vc_column][\/vc_row][vc_row row_height_percent=\u00bb0&#8243; overlay_alpha=\u00bb50&#8243; gutter_size=\u00bb3&#8243; column_width_percent=\u00bb100&#8243; shift_y=\u00bb0&#8243; z_index=\u00bb0&#8243; el_class=\u00bbcatalogo-item\u00bb][vc_column width=\u00bb1\/1&#8243;][vc_row_inner][vc_column_inner width=\u00bb1\/1&#8243;][vc_empty_space empty_h=\u00bb0&#8243;][\/vc_column_inner][\/vc_row_inner][vc_row_inner][vc_column_inner width=\u00bb5\/6&#8243;][vc_column_text][\/vc_column_text][\/vc_column_inner][vc_column_inner width=\u00bb1\/6&#8243;][vc_column_text]<img decoding=\"async\" class=\"alignnone wp-image-85422 size-full\" src=\"https:\/\/iclos.global\/eng\/wp-content\/uploads\/2020\/05\/logo-prod.png\" alt=\"\" width=\"128\" height=\"46\" \/>[\/vc_column_text][\/vc_column_inner][\/vc_row_inner][\/vc_column][\/vc_row]<\/p>\n<\/div>","protected":false},"excerpt":{"rendered":"<h3>Principio activo: Imatinib<br \/>\nPresentaciones: Kimatinib, Matinac<br \/>\nComp.recub. 100 mg &#8211; Comp.recub. 400 mg<br \/>\nMatineb<br \/>\nComp. Recub. 400 mg<\/h3>\n<p>&nbsp;<\/p>\n<h4><\/h4>\n<p><strong>Mecanismo de acci\u00f3n y blancos moleculares (biol\u00f3gicos)<\/strong><\/p>\n<p>Imatinib inhibe la proliferaci\u00f3n e induce la apoptosis de las l\u00edneas celulares positivas para BCR-ABL as\u00ed como a las c\u00e9lulas leuc\u00e9micas frescas de la leucemia mieloide cr\u00f3nica, positivas para el cromosoma Filadelfia.<\/p>\n<p><strong>Indicaciones terap\u00e9uticas<\/strong><\/p>\n<ul>\n<li>Leucemia mieloide cr\u00f3nica (LMC) en pacientes adultos y pedi\u00e1tricos con cromosoma Filadelfia positivo (Ph+).<\/li>\n<li>Leucemia linfobl\u00e1stica aguda cromosoma Filadelfia positivo (LLA Ph+) en pacientes adultos y pedi\u00e1tricos.<\/li>\n<li>S\u00edndromes mielodispl\u00e1sicos\/mieloproliferativos (SMD\/SMP) en pacientes adultos.<\/li>\n<li>S\u00edndrome hipereosinof\u00edlico (SHE) avanzado y\/o leucemia eosinof\u00edlica cr\u00f3nica (LEC) en pacientes adultos.<\/li>\n<li>Mastocitosis agresiva sist\u00e9mica (MAS) sin mutaci\u00f3n o con situaci\u00f3n desconocida del c-Kit D816V.<\/li>\n<li>Tumores del estroma gastrointestinal (GIST) malignos no resecables y\/o metast\u00e1sicos Kit (CD 117) positivos en pacientes adultos.<\/li>\n<li>Tratamiento adyuvante de pacientes adultos que presentan un riesgo significativo de reca\u00edda despu\u00e9s de la resecci\u00f3n de GIST Kit (CD117) positivo.<\/li>\n<li>Tratamiento de pacientes adultos con dermatofibrosarcoma protuberans (DFSP) no resecable, recurrente y\/o metast\u00e1sico.<\/li>\n<\/ul>\n<p><strong>Aprobaciones y pautas (FDA; EMA; ASCO; ESMO)<\/strong><\/p>\n<p>Imatinib ha sido aprobado por EMA y FDA para las indicaciones anteriormente mencionadas.<\/p>\n<p><strong>Dosis y plan terap\u00e9utico<\/strong><\/p>\n<p>La dosis y el plan terap\u00e9utico depender\u00e1 de la indicaci\u00f3n.<br \/>\nDosis en adultos: entre 100-800 mg\/d\u00eda v\u00eda oral<br \/>\nDosis en pacientes pedi\u00e1tricos: La dosificaci\u00f3n en ni\u00f1os deber\u00e1 basarse en la superficie corporal entre 340-570 mg\/m2 diarios v\u00eda oral<br \/>\nAjustar la dosis en caso de reacci\u00f3n adversa (hematol\u00f3gica o no hematol\u00f3gica).<br \/>\nAjustar la dosis seg\u00fan grado de insuficiencia hep\u00e1tica y\/o renal.<\/p>\n<p><em>Por m\u00e1s informaci\u00f3n ver la ficha t\u00e9cnica del producto.<\/em><\/p>\n","protected":false},"featured_media":86103,"template":"","meta":[],"product_cat":[125],"product_tag":[],"class_list":{"0":"post-86102","1":"product","2":"type-product","3":"status-publish","4":"has-post-thumbnail","6":"product_cat-sin-categorizar","7":"pa_area-terapeutica-hemato-oncologia","8":"pa_nombre-kimatinib-matineb-matinac","9":"pa_principio-activo-imatinib","11":"first","12":"instock","13":"shipping-taxable","14":"product-type-simple"},"yoast_head":"<!-- This site is optimized with the Yoast SEO plugin v24.1 - https:\/\/yoast.com\/wordpress\/plugins\/seo\/ -->\n<title>Kimatinib - Matineb - Matinac - ICLOS<\/title>\n<meta name=\"robots\" content=\"index, follow, max-snippet:-1, max-image-preview:large, max-video-preview:-1\" \/>\n<link rel=\"canonical\" href=\"https:\/\/iclos.global\/eng\/producto\/kimatinib-matineb-matinac\/\" \/>\n<meta property=\"og:locale\" content=\"es_ES\" \/>\n<meta property=\"og:type\" content=\"article\" \/>\n<meta property=\"og:title\" content=\"Kimatinib - Matineb - Matinac - ICLOS\" \/>\n<meta property=\"og:description\" content=\"Principio activo: Imatinib Presentaciones: Kimatinib, Matinac Comp.recub. 100 mg - Comp.recub. 400 mg Matineb Comp. Recub. 400 mg &nbsp;  Mecanismo de acci\u00f3n y blancos moleculares (biol\u00f3gicos)  Imatinib inhibe la proliferaci\u00f3n e induce la apoptosis de las l\u00edneas celulares positivas para BCR-ABL as\u00ed como a las c\u00e9lulas leuc\u00e9micas frescas de la leucemia mieloide cr\u00f3nica, positivas para el cromosoma Filadelfia.  Indicaciones terap\u00e9uticas   Leucemia mieloide cr\u00f3nica (LMC) en pacientes adultos y pedi\u00e1tricos con cromosoma Filadelfia positivo (Ph+).  Leucemia linfobl\u00e1stica aguda cromosoma Filadelfia positivo (LLA Ph+) en pacientes adultos y pedi\u00e1tricos.  S\u00edndromes mielodispl\u00e1sicos\/mieloproliferativos (SMD\/SMP) en pacientes adultos.  S\u00edndrome hipereosinof\u00edlico (SHE) avanzado y\/o leucemia eosinof\u00edlica cr\u00f3nica (LEC) en pacientes adultos.  Mastocitosis agresiva sist\u00e9mica (MAS) sin mutaci\u00f3n o con situaci\u00f3n desconocida del c-Kit D816V.  Tumores del estroma gastrointestinal (GIST) malignos no resecables y\/o metast\u00e1sicos Kit (CD 117) positivos en pacientes adultos.  Tratamiento adyuvante de pacientes adultos que presentan un riesgo significativo de reca\u00edda despu\u00e9s de la resecci\u00f3n de GIST Kit (CD117) positivo.  Tratamiento de pacientes adultos con dermatofibrosarcoma protuberans (DFSP) no resecable, recurrente y\/o metast\u00e1sico.  Aprobaciones y pautas (FDA; EMA; ASCO; ESMO)  Imatinib ha sido aprobado por EMA y FDA para las indicaciones anteriormente mencionadas.  Dosis y plan terap\u00e9utico  La dosis y el plan terap\u00e9utico depender\u00e1 de la indicaci\u00f3n. Dosis en adultos: entre 100-800 mg\/d\u00eda v\u00eda oral Dosis en pacientes pedi\u00e1tricos: La dosificaci\u00f3n en ni\u00f1os deber\u00e1 basarse en la superficie corporal entre 340-570 mg\/m2 diarios v\u00eda oral Ajustar la dosis en caso de reacci\u00f3n adversa (hematol\u00f3gica o no hematol\u00f3gica). Ajustar la dosis seg\u00fan grado de insuficiencia hep\u00e1tica y\/o renal.  Por m\u00e1s informaci\u00f3n ver la ficha t\u00e9cnica del producto.\" \/>\n<meta property=\"og:url\" content=\"https:\/\/iclos.global\/eng\/producto\/kimatinib-matineb-matinac\/\" \/>\n<meta property=\"og:site_name\" content=\"ICLOS\" \/>\n<meta property=\"article:modified_time\" content=\"2021-04-21T13:10:11+00:00\" \/>\n<meta property=\"og:image\" content=\"https:\/\/iclos.global\/eng\/wp-content\/uploads\/2021\/04\/matinac.jpg\" \/>\n\t<meta property=\"og:image:width\" content=\"600\" \/>\n\t<meta property=\"og:image:height\" content=\"600\" \/>\n\t<meta property=\"og:image:type\" content=\"image\/jpeg\" \/>\n<meta name=\"twitter:card\" content=\"summary_large_image\" \/>\n<meta name=\"twitter:label1\" content=\"Tiempo de lectura\" \/>\n\t<meta name=\"twitter:data1\" content=\"1 minuto\" \/>\n<script type=\"application\/ld+json\" class=\"yoast-schema-graph\">{\"@context\":\"https:\/\/schema.org\",\"@graph\":[{\"@type\":\"WebPage\",\"@id\":\"https:\/\/iclos.global\/eng\/producto\/kimatinib-matineb-matinac\/\",\"url\":\"https:\/\/iclos.global\/eng\/producto\/kimatinib-matineb-matinac\/\",\"name\":\"Kimatinib - Matineb - Matinac - ICLOS\",\"isPartOf\":{\"@id\":\"https:\/\/iclos.global\/eng\/#website\"},\"primaryImageOfPage\":{\"@id\":\"https:\/\/iclos.global\/eng\/producto\/kimatinib-matineb-matinac\/#primaryimage\"},\"image\":{\"@id\":\"https:\/\/iclos.global\/eng\/producto\/kimatinib-matineb-matinac\/#primaryimage\"},\"thumbnailUrl\":\"https:\/\/iclos.global\/eng\/wp-content\/uploads\/2021\/04\/matinac.jpg\",\"datePublished\":\"2021-04-21T13:04:22+00:00\",\"dateModified\":\"2021-04-21T13:10:11+00:00\",\"breadcrumb\":{\"@id\":\"https:\/\/iclos.global\/eng\/producto\/kimatinib-matineb-matinac\/#breadcrumb\"},\"inLanguage\":\"es\",\"potentialAction\":[{\"@type\":\"ReadAction\",\"target\":[\"https:\/\/iclos.global\/eng\/producto\/kimatinib-matineb-matinac\/\"]}]},{\"@type\":\"ImageObject\",\"inLanguage\":\"es\",\"@id\":\"https:\/\/iclos.global\/eng\/producto\/kimatinib-matineb-matinac\/#primaryimage\",\"url\":\"https:\/\/iclos.global\/eng\/wp-content\/uploads\/2021\/04\/matinac.jpg\",\"contentUrl\":\"https:\/\/iclos.global\/eng\/wp-content\/uploads\/2021\/04\/matinac.jpg\",\"width\":600,\"height\":600},{\"@type\":\"BreadcrumbList\",\"@id\":\"https:\/\/iclos.global\/eng\/producto\/kimatinib-matineb-matinac\/#breadcrumb\",\"itemListElement\":[{\"@type\":\"ListItem\",\"position\":1,\"name\":\"Portada\",\"item\":\"https:\/\/iclos.global\/eng\/\"},{\"@type\":\"ListItem\",\"position\":2,\"name\":\"Tienda\",\"item\":\"https:\/\/iclos.global\/eng\/tienda\/\"},{\"@type\":\"ListItem\",\"position\":3,\"name\":\"Kimatinib &#8211; Matineb &#8211; Matinac\"}]},{\"@type\":\"WebSite\",\"@id\":\"https:\/\/iclos.global\/eng\/#website\",\"url\":\"https:\/\/iclos.global\/eng\/\",\"name\":\"MEGALABS\",\"description\":\"\",\"potentialAction\":[{\"@type\":\"SearchAction\",\"target\":{\"@type\":\"EntryPoint\",\"urlTemplate\":\"https:\/\/iclos.global\/eng\/?s={search_term_string}\"},\"query-input\":{\"@type\":\"PropertyValueSpecification\",\"valueRequired\":true,\"valueName\":\"search_term_string\"}}],\"inLanguage\":\"es\"}]}<\/script>\n<!-- \/ Yoast SEO plugin. -->","yoast_head_json":{"title":"Kimatinib - Matineb - Matinac - ICLOS","robots":{"index":"index","follow":"follow","max-snippet":"max-snippet:-1","max-image-preview":"max-image-preview:large","max-video-preview":"max-video-preview:-1"},"canonical":"https:\/\/iclos.global\/eng\/producto\/kimatinib-matineb-matinac\/","og_locale":"es_ES","og_type":"article","og_title":"Kimatinib - Matineb - Matinac - ICLOS","og_description":"Principio activo: Imatinib Presentaciones: Kimatinib, Matinac Comp.recub. 100 mg - Comp.recub. 400 mg Matineb Comp. Recub. 400 mg &nbsp;  Mecanismo de acci\u00f3n y blancos moleculares (biol\u00f3gicos)  Imatinib inhibe la proliferaci\u00f3n e induce la apoptosis de las l\u00edneas celulares positivas para BCR-ABL as\u00ed como a las c\u00e9lulas leuc\u00e9micas frescas de la leucemia mieloide cr\u00f3nica, positivas para el cromosoma Filadelfia.  Indicaciones terap\u00e9uticas   Leucemia mieloide cr\u00f3nica (LMC) en pacientes adultos y pedi\u00e1tricos con cromosoma Filadelfia positivo (Ph+).  Leucemia linfobl\u00e1stica aguda cromosoma Filadelfia positivo (LLA Ph+) en pacientes adultos y pedi\u00e1tricos.  S\u00edndromes mielodispl\u00e1sicos\/mieloproliferativos (SMD\/SMP) en pacientes adultos.  S\u00edndrome hipereosinof\u00edlico (SHE) avanzado y\/o leucemia eosinof\u00edlica cr\u00f3nica (LEC) en pacientes adultos.  Mastocitosis agresiva sist\u00e9mica (MAS) sin mutaci\u00f3n o con situaci\u00f3n desconocida del c-Kit D816V.  Tumores del estroma gastrointestinal (GIST) malignos no resecables y\/o metast\u00e1sicos Kit (CD 117) positivos en pacientes adultos.  Tratamiento adyuvante de pacientes adultos que presentan un riesgo significativo de reca\u00edda despu\u00e9s de la resecci\u00f3n de GIST Kit (CD117) positivo.  Tratamiento de pacientes adultos con dermatofibrosarcoma protuberans (DFSP) no resecable, recurrente y\/o metast\u00e1sico.  Aprobaciones y pautas (FDA; EMA; ASCO; ESMO)  Imatinib ha sido aprobado por EMA y FDA para las indicaciones anteriormente mencionadas.  Dosis y plan terap\u00e9utico  La dosis y el plan terap\u00e9utico depender\u00e1 de la indicaci\u00f3n. Dosis en adultos: entre 100-800 mg\/d\u00eda v\u00eda oral Dosis en pacientes pedi\u00e1tricos: La dosificaci\u00f3n en ni\u00f1os deber\u00e1 basarse en la superficie corporal entre 340-570 mg\/m2 diarios v\u00eda oral Ajustar la dosis en caso de reacci\u00f3n adversa (hematol\u00f3gica o no hematol\u00f3gica). Ajustar la dosis seg\u00fan grado de insuficiencia hep\u00e1tica y\/o renal.  Por m\u00e1s informaci\u00f3n ver la ficha t\u00e9cnica del producto.","og_url":"https:\/\/iclos.global\/eng\/producto\/kimatinib-matineb-matinac\/","og_site_name":"ICLOS","article_modified_time":"2021-04-21T13:10:11+00:00","og_image":[{"width":600,"height":600,"url":"https:\/\/iclos.global\/eng\/wp-content\/uploads\/2021\/04\/matinac.jpg","type":"image\/jpeg"}],"twitter_card":"summary_large_image","twitter_misc":{"Tiempo de lectura":"1 minuto"},"schema":{"@context":"https:\/\/schema.org","@graph":[{"@type":"WebPage","@id":"https:\/\/iclos.global\/eng\/producto\/kimatinib-matineb-matinac\/","url":"https:\/\/iclos.global\/eng\/producto\/kimatinib-matineb-matinac\/","name":"Kimatinib - Matineb - Matinac - ICLOS","isPartOf":{"@id":"https:\/\/iclos.global\/eng\/#website"},"primaryImageOfPage":{"@id":"https:\/\/iclos.global\/eng\/producto\/kimatinib-matineb-matinac\/#primaryimage"},"image":{"@id":"https:\/\/iclos.global\/eng\/producto\/kimatinib-matineb-matinac\/#primaryimage"},"thumbnailUrl":"https:\/\/iclos.global\/eng\/wp-content\/uploads\/2021\/04\/matinac.jpg","datePublished":"2021-04-21T13:04:22+00:00","dateModified":"2021-04-21T13:10:11+00:00","breadcrumb":{"@id":"https:\/\/iclos.global\/eng\/producto\/kimatinib-matineb-matinac\/#breadcrumb"},"inLanguage":"es","potentialAction":[{"@type":"ReadAction","target":["https:\/\/iclos.global\/eng\/producto\/kimatinib-matineb-matinac\/"]}]},{"@type":"ImageObject","inLanguage":"es","@id":"https:\/\/iclos.global\/eng\/producto\/kimatinib-matineb-matinac\/#primaryimage","url":"https:\/\/iclos.global\/eng\/wp-content\/uploads\/2021\/04\/matinac.jpg","contentUrl":"https:\/\/iclos.global\/eng\/wp-content\/uploads\/2021\/04\/matinac.jpg","width":600,"height":600},{"@type":"BreadcrumbList","@id":"https:\/\/iclos.global\/eng\/producto\/kimatinib-matineb-matinac\/#breadcrumb","itemListElement":[{"@type":"ListItem","position":1,"name":"Portada","item":"https:\/\/iclos.global\/eng\/"},{"@type":"ListItem","position":2,"name":"Tienda","item":"https:\/\/iclos.global\/eng\/tienda\/"},{"@type":"ListItem","position":3,"name":"Kimatinib &#8211; Matineb &#8211; Matinac"}]},{"@type":"WebSite","@id":"https:\/\/iclos.global\/eng\/#website","url":"https:\/\/iclos.global\/eng\/","name":"MEGALABS","description":"","potentialAction":[{"@type":"SearchAction","target":{"@type":"EntryPoint","urlTemplate":"https:\/\/iclos.global\/eng\/?s={search_term_string}"},"query-input":{"@type":"PropertyValueSpecification","valueRequired":true,"valueName":"search_term_string"}}],"inLanguage":"es"}]}},"_links":{"self":[{"href":"https:\/\/iclos.global\/eng\/wp-json\/wp\/v2\/product\/86102","targetHints":{"allow":["GET"]}}],"collection":[{"href":"https:\/\/iclos.global\/eng\/wp-json\/wp\/v2\/product"}],"about":[{"href":"https:\/\/iclos.global\/eng\/wp-json\/wp\/v2\/types\/product"}],"wp:featuredmedia":[{"embeddable":true,"href":"https:\/\/iclos.global\/eng\/wp-json\/wp\/v2\/media\/86103"}],"wp:attachment":[{"href":"https:\/\/iclos.global\/eng\/wp-json\/wp\/v2\/media?parent=86102"}],"wp:term":[{"taxonomy":"product_cat","embeddable":true,"href":"https:\/\/iclos.global\/eng\/wp-json\/wp\/v2\/product_cat?post=86102"},{"taxonomy":"product_tag","embeddable":true,"href":"https:\/\/iclos.global\/eng\/wp-json\/wp\/v2\/product_tag?post=86102"}],"curies":[{"name":"wp","href":"https:\/\/api.w.org\/{rel}","templated":true}]}}