{"id":86108,"date":"2021-04-21T11:00:17","date_gmt":"2021-04-21T14:00:17","guid":{"rendered":"https:\/\/iclos.global\/eng\/?post_type=product&#038;p=86108"},"modified":"2021-04-21T11:06:25","modified_gmt":"2021-04-21T14:06:25","slug":"micoflavin-suprimun","status":"publish","type":"product","link":"https:\/\/iclos.global\/eng\/producto\/micoflavin-suprimun\/","title":{"rendered":"Micoflavin &#8211; Suprimun"},"content":{"rendered":"<div class=\"wpb-content-wrapper\"><p>[vc_row row_height_percent=\u00bb0&#8243; overlay_alpha=\u00bb50&#8243; gutter_size=\u00bb3&#8243; column_width_percent=\u00bb100&#8243; shift_y=\u00bb0&#8243; z_index=\u00bb0&#8243; el_class=\u00bbborro-en-producto\u00bb][vc_column width=\u00bb1\/1&#8243;][vc_column_text]<\/p>\n<h3>Principio activo: Micofenolato de mofetilo<br \/>\nPresentaciones: 250mg c\u00e1psulas<br \/>\n500mg comprimidos recubiertos<\/h3>\n<p>&nbsp;<\/p>\n<h4><\/h4>\n<p><strong>Mecanismo de acci\u00f3n y blancos moleculares (biol\u00f3gicos)<\/strong><\/p>\n<p>El micofenolato de mofetilo es una mol\u00e9cula de s\u00edntesis que inhibe reversible y selectivamente a la enzima inosina monofosfato dehidrogenasa (IMPDH), afectando la duplicaci\u00f3n del ADN. Adem\u00e1s, tiene efecto citost\u00e1tico en linfocitos y suprime formaci\u00f3n de anticuerpos en linfocitos B.[\/vc_column_text][\/vc_column][\/vc_row][vc_row row_height_percent=\u00bb0&#8243; overlay_alpha=\u00bb50&#8243; gutter_size=\u00bb3&#8243; column_width_percent=\u00bb100&#8243; shift_y=\u00bb0&#8243; z_index=\u00bb0&#8243; el_class=\u00bbcatalogo-item\u00bb][vc_column width=\u00bb1\/1&#8243;][vc_row_inner][vc_column_inner width=\u00bb1\/1&#8243;][vc_empty_space empty_h=\u00bb0&#8243;][\/vc_column_inner][\/vc_row_inner][vc_row_inner][vc_column_inner width=\u00bb5\/6&#8243;][vc_column_text][\/vc_column_text][\/vc_column_inner][vc_column_inner width=\u00bb1\/6&#8243;][vc_column_text]<img decoding=\"async\" class=\"alignnone wp-image-85422 size-full\" src=\"https:\/\/iclos.global\/eng\/wp-content\/uploads\/2020\/05\/logo-prod.png\" alt=\"\" width=\"128\" height=\"46\" \/>[\/vc_column_text][\/vc_column_inner][\/vc_row_inner][\/vc_column][\/vc_row]<\/p>\n<\/div>","protected":false},"excerpt":{"rendered":"<h3>Principio activo: Micofenolato de mofetilo<br \/>\nPresentaciones: 250mg c\u00e1psulas<br \/>\n500mg comprimidos recubiertos<\/h3>\n<p>&nbsp;<\/p>\n<h4><\/h4>\n<p><strong>Mecanismo de acci\u00f3n y blancos moleculares (biol\u00f3gicos)<\/strong><\/p>\n<p>El micofenolato de mofetilo es una mol\u00e9cula de s\u00edntesis que inhibe reversible y selectivamente a la enzima inosina monofosfato dehidrogenasa (IMPDH), afectando la duplicaci\u00f3n del ADN. Adem\u00e1s, tiene efecto citost\u00e1tico en linfocitos y suprime formaci\u00f3n de anticuerpos en linfocitos B.<\/p>\n<p><strong>Indicaciones terap\u00e9uticas<\/strong><\/p>\n<ul>\n<li>Transplante renal, card\u00edaco y hep\u00e1tico.<\/li>\n<li>Profilaxis de rechazo de \u00f3rganos en pacientes trasplantados con ri\u00f1ones, coraz\u00f3n o h\u00edgado halog\u00e9nicos.<\/li>\n<li>Nefritis l\u00fapica (off label)<\/li>\n<\/ul>\n<p><strong>Aprobaciones y pautas (FDA; EMA; ASCO; ESMO)<\/strong><\/p>\n<p>Micofenolato de Mofetilo ha sido aprobado por EMA y FDA para las indicaciones anteriormente mencionadas.<\/p>\n<p><strong>Dosis y plan terap\u00e9utico<\/strong><\/p>\n<p>El plan terap\u00e9utico var\u00eda seg\u00fan indicaci\u00f3n. El rango de dosis var\u00eda entre 1-1.5 g dos veces por d\u00eda por v\u00eda oral. Puede ser administrado concomitantemente con ciclosporina y corticoides.<\/p>\n<p><em>Por m\u00e1s informaci\u00f3n ver la ficha t\u00e9cnica del producto.<\/em><\/p>\n","protected":false},"featured_media":86109,"template":"","meta":[],"product_cat":[125],"product_tag":[],"class_list":{"0":"post-86108","1":"product","2":"type-product","3":"status-publish","4":"has-post-thumbnail","6":"product_cat-sin-categorizar","7":"pa_area-terapeutica-inmunosupresores-trasplantes","8":"pa_nombre-micoflavin-suprimun","9":"pa_principio-activo-micofenolato-de-mofetilo","11":"first","12":"instock","13":"shipping-taxable","14":"product-type-simple"},"yoast_head":"<!-- This site is optimized with the Yoast SEO plugin v24.1 - https:\/\/yoast.com\/wordpress\/plugins\/seo\/ -->\n<title>Micoflavin - Suprimun - ICLOS<\/title>\n<meta name=\"robots\" content=\"index, follow, max-snippet:-1, max-image-preview:large, max-video-preview:-1\" \/>\n<link rel=\"canonical\" href=\"https:\/\/iclos.global\/eng\/producto\/micoflavin-suprimun\/\" \/>\n<meta property=\"og:locale\" content=\"es_ES\" \/>\n<meta property=\"og:type\" content=\"article\" \/>\n<meta property=\"og:title\" content=\"Micoflavin - Suprimun - ICLOS\" \/>\n<meta property=\"og:description\" content=\"Principio activo: Micofenolato de mofetilo Presentaciones: 250mg c\u00e1psulas 500mg comprimidos recubiertos &nbsp;  Mecanismo de acci\u00f3n y blancos moleculares (biol\u00f3gicos)  El micofenolato de mofetilo es una mol\u00e9cula de s\u00edntesis que inhibe reversible y selectivamente a la enzima inosina monofosfato dehidrogenasa (IMPDH), afectando la duplicaci\u00f3n del ADN. Adem\u00e1s, tiene efecto citost\u00e1tico en linfocitos y suprime formaci\u00f3n de anticuerpos en linfocitos B.  Indicaciones terap\u00e9uticas   Transplante renal, card\u00edaco y hep\u00e1tico.  Profilaxis de rechazo de \u00f3rganos en pacientes trasplantados con ri\u00f1ones, coraz\u00f3n o h\u00edgado halog\u00e9nicos.  Nefritis l\u00fapica (off label)  Aprobaciones y pautas (FDA; EMA; ASCO; ESMO)  Micofenolato de Mofetilo ha sido aprobado por EMA y FDA para las indicaciones anteriormente mencionadas.  Dosis y plan terap\u00e9utico  El plan terap\u00e9utico var\u00eda seg\u00fan indicaci\u00f3n. El rango de dosis var\u00eda entre 1-1.5 g dos veces por d\u00eda por v\u00eda oral. Puede ser administrado concomitantemente con ciclosporina y corticoides.  Por m\u00e1s informaci\u00f3n ver la ficha t\u00e9cnica del producto.\" \/>\n<meta property=\"og:url\" content=\"https:\/\/iclos.global\/eng\/producto\/micoflavin-suprimun\/\" \/>\n<meta property=\"og:site_name\" content=\"ICLOS\" \/>\n<meta property=\"article:modified_time\" content=\"2021-04-21T14:06:25+00:00\" \/>\n<meta property=\"og:image\" content=\"https:\/\/iclos.global\/eng\/wp-content\/uploads\/2021\/04\/micoflavin.jpg\" \/>\n\t<meta property=\"og:image:width\" content=\"600\" \/>\n\t<meta property=\"og:image:height\" content=\"600\" \/>\n\t<meta property=\"og:image:type\" content=\"image\/jpeg\" \/>\n<meta name=\"twitter:card\" content=\"summary_large_image\" \/>\n<meta name=\"twitter:label1\" content=\"Tiempo de lectura\" \/>\n\t<meta name=\"twitter:data1\" content=\"1 minuto\" \/>\n<script type=\"application\/ld+json\" class=\"yoast-schema-graph\">{\"@context\":\"https:\/\/schema.org\",\"@graph\":[{\"@type\":\"WebPage\",\"@id\":\"https:\/\/iclos.global\/eng\/producto\/micoflavin-suprimun\/\",\"url\":\"https:\/\/iclos.global\/eng\/producto\/micoflavin-suprimun\/\",\"name\":\"Micoflavin - Suprimun - ICLOS\",\"isPartOf\":{\"@id\":\"https:\/\/iclos.global\/eng\/#website\"},\"primaryImageOfPage\":{\"@id\":\"https:\/\/iclos.global\/eng\/producto\/micoflavin-suprimun\/#primaryimage\"},\"image\":{\"@id\":\"https:\/\/iclos.global\/eng\/producto\/micoflavin-suprimun\/#primaryimage\"},\"thumbnailUrl\":\"https:\/\/iclos.global\/eng\/wp-content\/uploads\/2021\/04\/micoflavin.jpg\",\"datePublished\":\"2021-04-21T14:00:17+00:00\",\"dateModified\":\"2021-04-21T14:06:25+00:00\",\"breadcrumb\":{\"@id\":\"https:\/\/iclos.global\/eng\/producto\/micoflavin-suprimun\/#breadcrumb\"},\"inLanguage\":\"es\",\"potentialAction\":[{\"@type\":\"ReadAction\",\"target\":[\"https:\/\/iclos.global\/eng\/producto\/micoflavin-suprimun\/\"]}]},{\"@type\":\"ImageObject\",\"inLanguage\":\"es\",\"@id\":\"https:\/\/iclos.global\/eng\/producto\/micoflavin-suprimun\/#primaryimage\",\"url\":\"https:\/\/iclos.global\/eng\/wp-content\/uploads\/2021\/04\/micoflavin.jpg\",\"contentUrl\":\"https:\/\/iclos.global\/eng\/wp-content\/uploads\/2021\/04\/micoflavin.jpg\",\"width\":600,\"height\":600},{\"@type\":\"BreadcrumbList\",\"@id\":\"https:\/\/iclos.global\/eng\/producto\/micoflavin-suprimun\/#breadcrumb\",\"itemListElement\":[{\"@type\":\"ListItem\",\"position\":1,\"name\":\"Portada\",\"item\":\"https:\/\/iclos.global\/eng\/\"},{\"@type\":\"ListItem\",\"position\":2,\"name\":\"Tienda\",\"item\":\"https:\/\/iclos.global\/eng\/tienda\/\"},{\"@type\":\"ListItem\",\"position\":3,\"name\":\"Micoflavin &#8211; Suprimun\"}]},{\"@type\":\"WebSite\",\"@id\":\"https:\/\/iclos.global\/eng\/#website\",\"url\":\"https:\/\/iclos.global\/eng\/\",\"name\":\"MEGALABS\",\"description\":\"\",\"potentialAction\":[{\"@type\":\"SearchAction\",\"target\":{\"@type\":\"EntryPoint\",\"urlTemplate\":\"https:\/\/iclos.global\/eng\/?s={search_term_string}\"},\"query-input\":{\"@type\":\"PropertyValueSpecification\",\"valueRequired\":true,\"valueName\":\"search_term_string\"}}],\"inLanguage\":\"es\"}]}<\/script>\n<!-- \/ Yoast SEO plugin. -->","yoast_head_json":{"title":"Micoflavin - Suprimun - ICLOS","robots":{"index":"index","follow":"follow","max-snippet":"max-snippet:-1","max-image-preview":"max-image-preview:large","max-video-preview":"max-video-preview:-1"},"canonical":"https:\/\/iclos.global\/eng\/producto\/micoflavin-suprimun\/","og_locale":"es_ES","og_type":"article","og_title":"Micoflavin - Suprimun - ICLOS","og_description":"Principio activo: Micofenolato de mofetilo Presentaciones: 250mg c\u00e1psulas 500mg comprimidos recubiertos &nbsp;  Mecanismo de acci\u00f3n y blancos moleculares (biol\u00f3gicos)  El micofenolato de mofetilo es una mol\u00e9cula de s\u00edntesis que inhibe reversible y selectivamente a la enzima inosina monofosfato dehidrogenasa (IMPDH), afectando la duplicaci\u00f3n del ADN. Adem\u00e1s, tiene efecto citost\u00e1tico en linfocitos y suprime formaci\u00f3n de anticuerpos en linfocitos B.  Indicaciones terap\u00e9uticas   Transplante renal, card\u00edaco y hep\u00e1tico.  Profilaxis de rechazo de \u00f3rganos en pacientes trasplantados con ri\u00f1ones, coraz\u00f3n o h\u00edgado halog\u00e9nicos.  Nefritis l\u00fapica (off label)  Aprobaciones y pautas (FDA; EMA; ASCO; ESMO)  Micofenolato de Mofetilo ha sido aprobado por EMA y FDA para las indicaciones anteriormente mencionadas.  Dosis y plan terap\u00e9utico  El plan terap\u00e9utico var\u00eda seg\u00fan indicaci\u00f3n. El rango de dosis var\u00eda entre 1-1.5 g dos veces por d\u00eda por v\u00eda oral. Puede ser administrado concomitantemente con ciclosporina y corticoides.  Por m\u00e1s informaci\u00f3n ver la ficha t\u00e9cnica del producto.","og_url":"https:\/\/iclos.global\/eng\/producto\/micoflavin-suprimun\/","og_site_name":"ICLOS","article_modified_time":"2021-04-21T14:06:25+00:00","og_image":[{"width":600,"height":600,"url":"https:\/\/iclos.global\/eng\/wp-content\/uploads\/2021\/04\/micoflavin.jpg","type":"image\/jpeg"}],"twitter_card":"summary_large_image","twitter_misc":{"Tiempo de lectura":"1 minuto"},"schema":{"@context":"https:\/\/schema.org","@graph":[{"@type":"WebPage","@id":"https:\/\/iclos.global\/eng\/producto\/micoflavin-suprimun\/","url":"https:\/\/iclos.global\/eng\/producto\/micoflavin-suprimun\/","name":"Micoflavin - Suprimun - ICLOS","isPartOf":{"@id":"https:\/\/iclos.global\/eng\/#website"},"primaryImageOfPage":{"@id":"https:\/\/iclos.global\/eng\/producto\/micoflavin-suprimun\/#primaryimage"},"image":{"@id":"https:\/\/iclos.global\/eng\/producto\/micoflavin-suprimun\/#primaryimage"},"thumbnailUrl":"https:\/\/iclos.global\/eng\/wp-content\/uploads\/2021\/04\/micoflavin.jpg","datePublished":"2021-04-21T14:00:17+00:00","dateModified":"2021-04-21T14:06:25+00:00","breadcrumb":{"@id":"https:\/\/iclos.global\/eng\/producto\/micoflavin-suprimun\/#breadcrumb"},"inLanguage":"es","potentialAction":[{"@type":"ReadAction","target":["https:\/\/iclos.global\/eng\/producto\/micoflavin-suprimun\/"]}]},{"@type":"ImageObject","inLanguage":"es","@id":"https:\/\/iclos.global\/eng\/producto\/micoflavin-suprimun\/#primaryimage","url":"https:\/\/iclos.global\/eng\/wp-content\/uploads\/2021\/04\/micoflavin.jpg","contentUrl":"https:\/\/iclos.global\/eng\/wp-content\/uploads\/2021\/04\/micoflavin.jpg","width":600,"height":600},{"@type":"BreadcrumbList","@id":"https:\/\/iclos.global\/eng\/producto\/micoflavin-suprimun\/#breadcrumb","itemListElement":[{"@type":"ListItem","position":1,"name":"Portada","item":"https:\/\/iclos.global\/eng\/"},{"@type":"ListItem","position":2,"name":"Tienda","item":"https:\/\/iclos.global\/eng\/tienda\/"},{"@type":"ListItem","position":3,"name":"Micoflavin &#8211; Suprimun"}]},{"@type":"WebSite","@id":"https:\/\/iclos.global\/eng\/#website","url":"https:\/\/iclos.global\/eng\/","name":"MEGALABS","description":"","potentialAction":[{"@type":"SearchAction","target":{"@type":"EntryPoint","urlTemplate":"https:\/\/iclos.global\/eng\/?s={search_term_string}"},"query-input":{"@type":"PropertyValueSpecification","valueRequired":true,"valueName":"search_term_string"}}],"inLanguage":"es"}]}},"_links":{"self":[{"href":"https:\/\/iclos.global\/eng\/wp-json\/wp\/v2\/product\/86108","targetHints":{"allow":["GET"]}}],"collection":[{"href":"https:\/\/iclos.global\/eng\/wp-json\/wp\/v2\/product"}],"about":[{"href":"https:\/\/iclos.global\/eng\/wp-json\/wp\/v2\/types\/product"}],"wp:featuredmedia":[{"embeddable":true,"href":"https:\/\/iclos.global\/eng\/wp-json\/wp\/v2\/media\/86109"}],"wp:attachment":[{"href":"https:\/\/iclos.global\/eng\/wp-json\/wp\/v2\/media?parent=86108"}],"wp:term":[{"taxonomy":"product_cat","embeddable":true,"href":"https:\/\/iclos.global\/eng\/wp-json\/wp\/v2\/product_cat?post=86108"},{"taxonomy":"product_tag","embeddable":true,"href":"https:\/\/iclos.global\/eng\/wp-json\/wp\/v2\/product_tag?post=86108"}],"curies":[{"name":"wp","href":"https:\/\/api.w.org\/{rel}","templated":true}]}}